of 340372671.
3, 107, 1060351
What are the prime factors of 81378082?
2, 17, 2393473
List the prime factors of 97370850.
2, 3, 5, 563, 1153
List the prime factors of 74316266.
2, 23, 67, 24113
What are the prime factors of 666932831?
17, 39231343
List the prime factors of 18497716.
2, 19, 243391
List the prime factors of 30283176.
2, 3, 7, 11, 2341
List the prime factors of 10005389.
10005389
What are the prime factors of 2957781?
3, 41, 139, 173
List the prime factors of 2162919735.
3, 5, 48064883
List the prime factors of 3076208629.
13, 236631433
List the prime factors of 1515199300.
2, 5, 2687, 5639
What are the prime factors of 270571895?
5, 11, 1433, 3433
List the prime factors of 117509393.
117509393
List the prime factors of 492987053.
13, 19, 109, 18311
List the prime factors of 176927184.
2, 3, 7, 175523
What are the prime factors of 161240077?
71, 2270987
What are the prime factors of 118307363?
3461, 34183
List the prime factors of 3104972564.
2, 53, 83, 176459
List the prime factors of 3847816.
2, 7, 68711
What are the prime factors of 433423161?
3, 2003, 24043
List the prime factors of 24495912.
2, 3, 7, 17, 953
List the prime factors of 544110687.
3, 17, 233, 15263
What are the prime factors of 156733246?
2, 103, 760841
List the prime factors of 1078106029.
7, 11, 13, 41, 109, 241
What are the prime factors of 7784826?
2, 3, 7, 26479
List the prime factors of 3116791869.
3, 1038930623
What are the prime factors of 97621003?
97621003
List the prime factors of 124031665.
5, 227, 109279
What are the prime factors of 55764736?
2, 61, 3571
List the prime factors of 32188865.
5, 6437773
List the prime factors of 40486837.
31, 1306027
What are the prime factors of 607674916?
2, 2819, 53891
What are the prime factors of 333353641?
1913, 174257
List the prime factors of 29089962.
2, 3, 11, 48973
What are the prime factors of 337389732?
2, 3, 53, 58943
List the prime factors of 12457788.
2, 3, 7, 43, 3449
What are the prime factors of 248663493?
3, 13, 31, 22853
List the prime factors of 83687035.
5, 139, 120413
List the prime factors of 97827729.
3, 32609243
List the prime factors of 234461598.
2, 3, 7, 5582419
List the prime factors of 207535710.
2, 3, 5, 6917857
What are the prime factors of 13197633?
3, 139, 31649
List the prime factors of 4166172.
2, 3, 115727
List the prime factors of 1105107812.
2, 11087, 24919
What are the prime factors of 91122116?
2, 89, 255961
List the prime factors of 269187256.
2, 13, 199103
What are the prime factors of 208779393?
3, 61, 1140871
List the prime factors of 1713914294.
2, 73, 673, 17443
List the prime factors of 3145988370.
2, 3, 5, 7, 14980897
What are the prime factors of 72735973?
29, 61, 41117
What are the prime factors of 49869831?
3, 11, 1511207
List the prime factors of 180345070.
2, 5, 23, 784109
List the prime factors of 299352172.
2, 7, 79, 19333
List the prime factors of 175076778.
2, 3, 17, 31, 3257
What are the prime factors of 117662896?
2, 13, 19, 1567
What are the prime factors of 1917768895?
5, 7, 17, 19, 169639
What are the prime factors of 12796706?
2, 13, 577, 853
What are the prime factors of 865805169?
3, 23, 31, 71, 5701
List the prime factors of 149818660.
2, 5, 31, 241643
What are the prime factors of 285528058?
2, 142764029
List the prime factors of 5323291.
5323291
List the prime factors of 163070996.
2, 11, 19, 107, 1823
What are the prime factors of 1714627772?
2, 11, 13, 61, 157, 313
List the prime factors of 90937871.
83, 269, 4073
What are the prime factors of 134683370?
2, 5, 13468337
List the prime factors of 1386890427.
3, 13, 19, 73, 25639
List the prime factors of 2943474062.
2, 11953, 123127
List the prime factors of 288024819.
3, 19, 139, 36353
List the prime factors of 17156308.
2, 13, 37, 241
What are the prime factors of 1293173167?
11, 13, 9043169
List the prime factors of 41304926.
2, 13, 953, 1667
List the prime factors of 34461426.
2, 3, 1493, 3847
What are the prime factors of 131027420?
2, 5, 19, 499, 691
What are the prime factors of 441291496?
2, 55161437
List the prime factors of 728296822.
2, 11, 3009491
What are the prime factors of 512690928?
2, 3, 107, 99823
List the prime factors of 891079234.
2, 445539617
List the prime factors of 223369291.
31, 7205461
What are the prime factors of 12069302?
2, 7, 811, 1063
List the prime factors of 1329348296.
2, 23, 2663, 2713
List the prime factors of 73919408.
2, 43, 107441
What are the prime factors of 16091965?
5, 1693, 1901
List the prime factors of 29095908.
2, 3, 17, 193, 739
What are the prime factors of 10745201?
239, 44959
What are the prime factors of 316376341?
17, 29, 491, 1307
What are the prime factors of 36315620?
2, 5, 11, 23, 7177
List the prime factors of 66713959.
13, 19, 270097
List the prime factors of 550502414.
2, 7, 11, 53, 67447
What are the prime factors of 146114309?
11, 197, 67427
List the prime factors of 136146714.
2, 3, 11, 2062829
List the prime factors of 318185965.
5, 113, 233, 2417
List the prime factors of 90777576.
2, 3, 37, 151, 677
What are the prime factors of 378279362?
2, 12281, 15401
What are the prime factors of 4743951887?
9209, 515143
List the prime factors of 50279642.
2, 7, 17, 43
List the prime factors of 882695187.
3, 11, 1327, 6719
What are the prime factors of 193088816?
2, 3449, 3499
What are the prime factors of 3242750938?
2, 7, 19, 233, 52321
List the prime factors of 3064939530.
2, 3, 5, 29, 163, 21613
What are the prime factors of 402822279?
3, 97, 157, 2939
What are the prime factors of 3019832094?
2, 3, 17, 1741541
List the prime factors of 13048249.
13048249
What are the prime factors of 825813650?
2, 5, 31, 532783
List the prime factors of 98908940.
2, 5, 13, 2251
List the prime factors of 4228385511.
3, 7, 1279, 157429
List the prime factors of 366163.
7, 17, 181
What are the prime factors of 1575123980?
2, 5, 29, 431, 6301
List the prime factors of 53086679.
1987, 26717
List the prime factors of 3360360570.
2, 3, 5, 7, 1163, 13759
List the prime factors of 2564373859.
2564373859
List the prime factors of 1833798934.
2, 11, 29, 71, 40483
What are the prime factors of 40518353?
853, 47501
What are the prime factors of 4123309382?
2, 2061654691
What are the prime factors of 1434388864?
2, 47, 151, 1579
What are the prime factors of 84632085?
3, 5, 263, 7151
List the prime factors of 3549618374.
2, 1774809187
What are the prime factors of 110271204?
2, 3, 107, 28627
List the prime factors of 248244378.
2, 3, 41374063
What are the prime factors of 1669967281?
5641, 296041
What are the prime factors of 92617918?
2, 23, 47, 42839
What are the prime factors of 32622359?
7, 11, 423667
What are the prime factors of 1818156626?
2, 11, 13, 19, 53, 59, 107
What are the prime factors of 16693227?
3, 1013, 1831
List the prime factors of 26952939.
3, 13, 17, 4517
What are the prime factors of 131290828?
2, 31, 271, 3907
What are the prime factors of 93810482?
2, 277, 313, 541
List the prime factors of 69574762.
2, 587, 59263
What are the prime factors of 147198196?
2, 67, 549247
What are the prime factors of 1205055403?
11863, 101581
List the prime factors of 155978259.
3, 773, 67261
What are the prime factors of 821560480?
2, 5, 13, 394981
List the prime factors of 1158402793.
307, 937, 4027
What are the prime factors of 30721971?
3, 7, 208993
What are the prime factors of 535620209?
535620209
List the prime factors of 921447892.
2, 230361973
List the prime factors of 82491185.
5, 7, 2356891
What are the prime factors of 55049998?
2, 103, 267233
List the prime factors of 41765062.
2, 20882531
List the prime factors of 919249713.
3, 102138857
List the prime factors of 135155099.
281, 480979
What are the prime factors of 324873910?
2, 5, 17, 277, 6899
List the prime factors of 846051313.
3347, 252779
List the prime factors of 536579492.
2, 73, 1837601
List the prime factors of 92207303.
17, 5423959
List the prime factors of 47950430.
2, 5, 11, 435913
List the prime factors of 467848918.
2, 233924459
What are the prime factors of 6673575587?
7, 547, 1742903
What are the prime factors of 489271807?
113, 233, 18583
What are the prime factors of 43091444?
2, 11, 457, 2143
List the prime factors of 50147896.
2, 257, 24391
List the prime factors of 9655675